{"id":6808,"date":"2024-11-22T16:59:03","date_gmt":"2024-11-22T15:59:03","guid":{"rendered":"https:\/\/intranet.mteps.gob.bo\/?page_id=6808"},"modified":"2024-11-22T17:57:38","modified_gmt":"2024-11-22T16:57:38","slug":"componentes","status":"publish","type":"page","link":"https:\/\/intranet.mteps.gob.bo\/index.php\/componentes\/","title":{"rendered":"Componentes"},"content":{"rendered":"\n<div class=\"wp-block-columns is-layout-flex wp-container-core-columns-is-layout-9d6595d7 wp-block-columns-is-layout-flex\">\n<div class=\"wp-block-column is-layout-flow wp-block-column-is-layout-flow\"><\/div>\n\n\n\n<div class=\"wp-block-column is-layout-flow wp-block-column-is-layout-flow\">\n<div class=\"wp-block-card-informacion-inversa-block card\" style=\"width:18rem\"><h5 class=\"card-title\">Campa\u00f1a de prevenci\u00f3n d Violencia Digital de G\u00e9nero 2024<\/h5><p class=\"card-text\">Dirigida principalmente a ni\u00f1as, ni\u00f1os, adolecentes, madres,  padres de familia y servidores p\u00fablicos<\/p><img decoding=\"async\" src=\"https:\/\/intranet.mteps.gob.bo\/wp-content\/uploads\/2024\/04\/ACM-CASA-GRANDE-DEL-PUEBLO-LANZAMIENTO-DEL-FIRTS-MARIANELA-2-Mejorado-NR-scaled.jpg\" alt=\"Imagen del card\" class=\"card-img-top\"\/><div class=\"text-muted mt-2\"><p class=\"mb-1\">Inicio:<\/p><small>08\/09\/2023<\/small><p class=\"mb-1\">Finalizaci\u00f3n:<\/p><small>08\/10\/2023<\/small><\/div><div class=\"card-footer bg-transparent text-end\"><a href=\"https:\/\/icons.getbootstrap.com\/?q=upload\" target=\"_blank\" rel=\"noopener noreferrer\" class=\"text-decoration-none\">Ver m\u00e1s<\/a><\/div><\/div>\n<\/div>\n\n\n\n<div class=\"wp-block-column is-layout-flow wp-block-column-is-layout-flow\">\n<div class=\"wp-block-card-alargado-tipo-a-block a-alargado-container\" style=\"margin:20px;\"><div class=\"card a-alargado-custom shadow-sm\"><div class=\"d-flex justify-content-between align-items-center mb-2\"><div class=\"a-alargado-modalities\" style=\"padding:5px\"><span class=\"fw-bold\">Modalidades<\/span> | <span><i class=\"bi bi-people me-1\"><\/i>Presencial<\/span><\/div><\/div><div class=\"d-flex justify-content-between align-items-center\" style=\"padding:10px\"><div><h5 class=\"retangular-card-title\">Tr\u00e1mite en busca del tiempo perdido<\/h5><br\/><p class=\"a-alargado-additional-info\">Un tr\u00e1mite que todos tenemos que hacer para sacar carnet<\/p><\/div><a target=\"_blank\" rel=\"noopener noreferrer\" style=\"margin:20px\"><span class=\"btn a-alargado-btn-custom  btn-secondary\">Ver detalles<\/span><\/a><\/div><\/div><\/div>\n<\/div>\n<\/div>\n\n\n\n<div class=\"wp-block-columns is-layout-flex wp-container-core-columns-is-layout-9d6595d7 wp-block-columns-is-layout-flex\">\n<div class=\"wp-block-column is-layout-flow wp-block-column-is-layout-flow\">\n<div class=\"wp-block-card-alargado-tipo-a-block a-alargado-container\" style=\"margin:20px;\"><div class=\"card a-alargado-custom shadow-sm\"><div class=\"d-flex justify-content-between align-items-center mb-2\"><div class=\"a-alargado-modalities\" style=\"padding:5px\"><span class=\"fw-bold\">Modalidades<\/span> | <span><i class=\"bi bi-laptop me-1\"><\/i>Virtual<\/span><\/div><\/div><div class=\"d-flex justify-content-between align-items-center\" style=\"padding:10px\"><div><h5 class=\"retangular-card-title\">Tr\u00e1mite en busca del tiempo perdido<\/h5><br\/><p class=\"a-alargado-additional-info\">Un tr\u00e1mite que todos tenemos que hacer para sacar carnet<\/p><\/div><a target=\"_blank\" rel=\"noopener noreferrer\" style=\"margin:20px\"><span class=\"btn a-alargado-btn-custom  btn-secondary\">Ver detalles<\/span><\/a><\/div><\/div><\/div>\n<\/div>\n<\/div>\n\n\n\n<div class=\"wp-block-card-alargado-b-block card-alargado-container container\"><div class=\"row\"><div class=\"col col-4\"><div class=\"row\"><p><i class=\"bi bi-geo-alt-fill\"><\/i> Direcci\u00f3n:<\/p><p class=\"text-muted\">La Paz -nuestra Se\u00f1ora de La Paz Av.Arce Nro. 310<\/p><\/div><div class=\"row\"><p><i class=\"bi bi-telephone-fill\"><\/i> Tel\u00e9fonos:<\/p><p class=\"text-muted\">(591) &#8211; 2 &#8211; 212808<\/p><\/div><div class=\"row\"><p><i class=\"bi bi-clock\"><\/i> Horarios de atenci\u00f3n:<\/p><p class=\"text-muted\">Lunes a viernes De 08:00 a 16:00<\/p><\/div><\/div><div class=\"col col-8\"><div id=\"map\" style=\"width:100%;height:300px\"><\/div><script>\n                                document.addEventListener(\"DOMContentLoaded\", function() {\n                                    const map = L.map(\"map\").setView([-16.512301570338128, -68.19059446511825], 13);\n                                    L.tileLayer('https:\/\/{s}.tile.openstreetmap.org\/{z}\/{x}\/{y}.png', {\n                                        maxZoom: 19,\n                                    }).addTo(map);\n                                    L.marker([-16.512301570338128, -68.19059446511825]).addTo(map);\n                                });\n                            <\/script><\/div><\/div><\/div>\n\n\n\n<div class=\"wp-block-card-alargado-tipo-c-block c-alargado-container p-3 border rounded d-flex align-items-center\"><img decoding=\"async\" src=\"https:\/\/intranet.mteps.gob.bo\/wp-content\/uploads\/2024\/04\/ciudadania-e1712098048131.png\" alt=\"\u00cdcono\" style=\"width:50px;height:50px;object-fit:cover;border-radius:5px\" class=\"me-3\"\/><div class=\"flex-grow-1\"><h5 class=\"mb-1 fw-bold\">Calculadora de gastos en IT<\/h5><p class=\"mb-0 text-muted\">Calcule sus gastos en comunicaciones y dispositivos<\/p><\/div><div class=\"ms-3\"><a href=\"https:\/\/getbootstrap.com\/docs\/5.3\/forms\/form-control\/\" target=\"_blank\" rel=\"noopener noreferrer\" class=\"btn btn-outline-secondary\">Ir a la herramienta<\/a><\/div><\/div>\n\n\n\n<div class=\"wp-block-card-alargado-tipo-d-block card-alargado-container container\"><div class=\"card-alargado row\"><div class=\"col\"><p class=\"card-text\"><small class=\"text-muted\">08\/09\/2023<\/small><small class=\"text-muted\"> | <\/small><small class=\"text-muted\">Nacional<\/small><\/p><\/div><div class=\"row\"><h1 class=\"rectangular-card-title\">Cierre temporal de la agencia Bermejo<\/h1><\/div><div class=\"row\"><h4 class=\"rectangular-card-text\">Para seguimiento de tr\u00e1mites en esta agencia, comun\u00edquese con el n\u00famero 800-10-5050<\/h4><\/div><div class=\"row link-selector card-footer bg-transparent\"><div class=\"col col-4\"><\/div><div class=\"col col-4 text-lg-end\"><a href=\"https:\/\/intranet.mteps.gob.bo\/wp-content\/uploads\/2024\/04\/ley-n-164-comprimido.pdf\" download class=\"text-lg-end\">Descargar PDF<span class=\"bi bi-download ms-2\"><\/span><\/a><\/div><div class=\"col col-4 text-lg-end\"><a href=\"https:\/\/getbootstrap.com\/docs\/5.3\/forms\/form-control\/\" target=\"_blank\" rel=\"noopener noreferrer\" class=\"text-lg-end\">Ver comunicado<span class=\"bi bi-arrow-right ms-2\"><\/span><\/a><\/div><\/div><\/div><\/div>\n","protected":false},"excerpt":{"rendered":"","protected":false},"author":1,"featured_media":0,"parent":0,"menu_order":0,"comment_status":"closed","ping_status":"closed","template":"","meta":{"_acf_changed":false,"footnotes":""},"class_list":["post-6808","page","type-page","status-publish","hentry"],"acf":[],"_links":{"self":[{"href":"https:\/\/intranet.mteps.gob.bo\/index.php\/wp-json\/wp\/v2\/pages\/6808","targetHints":{"allow":["GET"]}}],"collection":[{"href":"https:\/\/intranet.mteps.gob.bo\/index.php\/wp-json\/wp\/v2\/pages"}],"about":[{"href":"https:\/\/intranet.mteps.gob.bo\/index.php\/wp-json\/wp\/v2\/types\/page"}],"author":[{"embeddable":true,"href":"https:\/\/intranet.mteps.gob.bo\/index.php\/wp-json\/wp\/v2\/users\/1"}],"replies":[{"embeddable":true,"href":"https:\/\/intranet.mteps.gob.bo\/index.php\/wp-json\/wp\/v2\/comments?post=6808"}],"version-history":[{"count":11,"href":"https:\/\/intranet.mteps.gob.bo\/index.php\/wp-json\/wp\/v2\/pages\/6808\/revisions"}],"predecessor-version":[{"id":6871,"href":"https:\/\/intranet.mteps.gob.bo\/index.php\/wp-json\/wp\/v2\/pages\/6808\/revisions\/6871"}],"wp:attachment":[{"href":"https:\/\/intranet.mteps.gob.bo\/index.php\/wp-json\/wp\/v2\/media?parent=6808"}],"curies":[{"name":"wp","href":"https:\/\/api.w.org\/{rel}","templated":true}]}}