{"id":677,"date":"2024-04-05T21:43:18","date_gmt":"2024-04-05T19:43:18","guid":{"rendered":"https:\/\/intranet.mteps.gob.bo\/?page_id=677"},"modified":"2025-05-07T21:47:51","modified_gmt":"2025-05-07T19:47:51","slug":"formulario-de-denuncias","status":"publish","type":"page","link":"https:\/\/intranet.mteps.gob.bo\/index.php\/formulario-de-denuncias\/","title":{"rendered":"Formulario de Denuncias por Hechos de Corrupci\u00f3n"},"content":{"rendered":"\n<div class=\"wp-block-contact-form-7-contact-form-selector\">\n<div class=\"wpcf7 no-js\" id=\"wpcf7-f17064-o1\" lang=\"es-ES\" dir=\"ltr\" data-wpcf7-id=\"17064\">\n<div class=\"screen-reader-response\"><p role=\"status\" aria-live=\"polite\" aria-atomic=\"true\"><\/p> <ul><\/ul><\/div>\n<form action=\"\/index.php\/wp-json\/wp\/v2\/pages\/677#wpcf7-f17064-o1\" method=\"post\" class=\"wpcf7-form init\" aria-label=\"Formulario de contacto\" novalidate=\"novalidate\" data-status=\"init\">\n<div style=\"display: none;\">\n<input type=\"hidden\" name=\"_wpcf7\" value=\"17064\" \/>\n<input type=\"hidden\" name=\"_wpcf7_version\" value=\"6.0.6\" \/>\n<input type=\"hidden\" name=\"_wpcf7_locale\" value=\"es_ES\" \/>\n<input type=\"hidden\" name=\"_wpcf7_unit_tag\" value=\"wpcf7-f17064-o1\" \/>\n<input type=\"hidden\" name=\"_wpcf7_container_post\" value=\"0\" \/>\n<input type=\"hidden\" name=\"_wpcf7_posted_data_hash\" value=\"\" \/>\n<\/div>\n<div class=\"alert alert-secondary d-flex align-items-center\" role=\"alert\">\n\t<p class='pb-0 mb-0'><i class=\"bi bi-exclamation-triangle-fill pe-2\"><\/i>\n\t<\/p>\n\t<div>\n\t\t<p class='pb-0 mb-0'> Los campos marcados con (*) son de llenado obligartorio\n\t\t<\/p>\n\t<\/div>\n<\/div>\n<p><strong>Identificaci\u00f3n del denunciante<\/strong>\n<\/p>\n<p><label> Nombres *<br \/>\n<span class=\"wpcf7-form-control-wrap\" data-name=\"nombre\"><input size=\"40\" maxlength=\"400\" class=\"wpcf7-form-control wpcf7-text wpcf7-validates-as-required form-control fondo-default texto-default\" autocomplete=\"name\" aria-required=\"true\" aria-invalid=\"false\" placeholder=\"Nombres\" value=\"\" type=\"text\" name=\"nombre\" \/><\/span> <\/label>\n<\/p>\n<p><label> Apellidos *<br \/>\n<span class=\"wpcf7-form-control-wrap\" data-name=\"apellido\"><input size=\"40\" maxlength=\"400\" class=\"wpcf7-form-control wpcf7-text wpcf7-validates-as-required form-control fondo-default texto-default\" autocomplete=\"lastname\" aria-required=\"true\" aria-invalid=\"false\" placeholder=\"Apellidos\" value=\"\" type=\"text\" name=\"apellido\" \/><\/span> <\/label>\n<\/p>\n<p><label> Nro. de C\u00e9dula de identidad *<br \/>\n<span class=\"wpcf7-form-control-wrap\" data-name=\"ci\"><input size=\"40\" maxlength=\"400\" class=\"wpcf7-form-control wpcf7-text wpcf7-validates-as-required form-control fondo-default texto-default\" autocomplete=\"ci\" aria-required=\"true\" aria-invalid=\"false\" placeholder=\"Ej. 7047052\" value=\"\" type=\"text\" name=\"ci\" \/><\/span> <\/label>\n<\/p>\n<p><label> Direcci\u00f3n de correo electr\u00f3nico<br \/>\n<span class=\"wpcf7-form-control-wrap\" data-name=\"email\"><input size=\"40\" maxlength=\"400\" class=\"wpcf7-form-control wpcf7-email wpcf7-validates-as-required wpcf7-text wpcf7-validates-as-email form-control fondo-default texto-default\" autocomplete=\"email\" aria-required=\"true\" aria-invalid=\"false\" placeholder=\"ejemplo@dominio.com\" value=\"\" type=\"email\" name=\"email\" \/><\/span> <\/label>\n<\/p>\n<p><strong>Hecho denunciado<\/strong>\n<\/p>\n<p><label> Descripci\u1e55on del hecho *<br \/>\n<span class=\"wpcf7-form-control-wrap\" data-name=\"descripcion\"><textarea cols=\"40\" rows=\"4\" maxlength=\"2000\" class=\"wpcf7-form-control wpcf7-textarea form-control fondo-default texto-default\" aria-invalid=\"false\" placeholder=\"Realice la descripci\u00f3n concreta de la denuncia...\" name=\"descripcion\"><\/textarea><\/span> <\/label><br \/>\n<label> Servidores p\u00fablicos involucrados *<br \/>\n<span class=\"wpcf7-form-control-wrap\" data-name=\"sevidores\"><textarea cols=\"40\" rows=\"4\" maxlength=\"2000\" class=\"wpcf7-form-control wpcf7-textarea form-control fondo-default texto-default\" aria-invalid=\"false\" placeholder=\"Ingrese la lista de los servidores p\u00fablicos involucrados...\" name=\"sevidores\"><\/textarea><\/span> <\/label><br \/>\n<label> Pruebas<br \/>\n<span class=\"wpcf7-form-control-wrap\" data-name=\"prueba\"><textarea cols=\"40\" rows=\"4\" maxlength=\"2000\" class=\"wpcf7-form-control wpcf7-textarea form-control fondo-default texto-default\" aria-invalid=\"false\" placeholder=\"Indique cu\u00e1les ser\u00edan las pruebas y el lugar en el que se encuentran...\" name=\"prueba\"><\/textarea><\/span> <\/label><br \/>\n<label> \u00bfPrensent\u00f3 esta denuncia anteriormente?<br \/>\n<span class=\"wpcf7-form-control-wrap\" data-name=\"antecedente\"><textarea cols=\"40\" rows=\"4\" maxlength=\"2000\" class=\"wpcf7-form-control wpcf7-textarea form-control fondo-default texto-default\" aria-invalid=\"false\" placeholder=\"Si present\u00f3 esta denuncia ante otra entidad o instancia, indique d\u00f3nde la present\u00f3.\" name=\"antecedente\"><\/textarea><\/span> <\/label>\n<\/p>\n<p><input class=\"wpcf7-form-control wpcf7-submit has-spinner btn boton text-white\" type=\"submit\" value=\"Enviar\" \/>\n<\/p><div class=\"wpcf7-response-output\" aria-hidden=\"true\"><\/div>\n<\/form>\n<\/div>\n<\/div>\n\n\n\n<p><\/p>\n","protected":false},"excerpt":{"rendered":"","protected":false},"author":1,"featured_media":0,"parent":0,"menu_order":0,"comment_status":"closed","ping_status":"closed","template":"","meta":{"_acf_changed":false,"footnotes":""},"class_list":["post-677","page","type-page","status-publish","hentry"],"acf":[],"_links":{"self":[{"href":"https:\/\/intranet.mteps.gob.bo\/index.php\/wp-json\/wp\/v2\/pages\/677","targetHints":{"allow":["GET"]}}],"collection":[{"href":"https:\/\/intranet.mteps.gob.bo\/index.php\/wp-json\/wp\/v2\/pages"}],"about":[{"href":"https:\/\/intranet.mteps.gob.bo\/index.php\/wp-json\/wp\/v2\/types\/page"}],"author":[{"embeddable":true,"href":"https:\/\/intranet.mteps.gob.bo\/index.php\/wp-json\/wp\/v2\/users\/1"}],"replies":[{"embeddable":true,"href":"https:\/\/intranet.mteps.gob.bo\/index.php\/wp-json\/wp\/v2\/comments?post=677"}],"version-history":[{"count":2,"href":"https:\/\/intranet.mteps.gob.bo\/index.php\/wp-json\/wp\/v2\/pages\/677\/revisions"}],"predecessor-version":[{"id":17067,"href":"https:\/\/intranet.mteps.gob.bo\/index.php\/wp-json\/wp\/v2\/pages\/677\/revisions\/17067"}],"wp:attachment":[{"href":"https:\/\/intranet.mteps.gob.bo\/index.php\/wp-json\/wp\/v2\/media?parent=677"}],"curies":[{"name":"wp","href":"https:\/\/api.w.org\/{rel}","templated":true}]}}