{"id":309,"date":"2024-04-05T21:30:25","date_gmt":"2024-04-05T19:30:25","guid":{"rendered":"https:\/\/intranet.mteps.gob.bo\/?page_id=309"},"modified":"2025-12-05T16:46:37","modified_gmt":"2025-12-05T20:46:37","slug":"declaracion-de-la-mision-vision-valores-y-principios-de-la-entidad","status":"publish","type":"page","link":"https:\/\/intranet.mteps.gob.bo\/index.php\/declaracion-de-la-mision-vision-valores-y-principios-de-la-entidad\/","title":{"rendered":"Raz\u00f3n de Ser y Horizonte Pol\u00edtico"},"content":{"rendered":"\n<hr class=\"wp-block-separator has-alpha-channel-opacity\"\/>\n\n\n\n<h2 class=\"wp-block-heading\">Raz\u00f3n de Ser<\/h2>\n\n\n\n<p>Desarrollamos acciones para promover y proteger el trabajo, el empleo digno, la restituci\u00f3n de los derechos socio-laborales y fundamentales del trabajo, reconocidos a favor de las trabajadoras y los trabajadores, as\u00ed como de las servidoras y servidores p\u00fablicos; realizamos actividades destinadas a fomentar el sector cooperativo productivo, en alianza con las organizaciones sindicales y sociales.<\/p>\n\n\n\n<hr class=\"wp-block-separator has-alpha-channel-opacity\"\/>\n\n\n\n<h2 class=\"wp-block-heading\">Horizonte Pol\u00edtico<\/h2>\n\n\n\n<p>El Ministerio de Trabajo, Empleo y Previsi\u00f3n Social fortalecido en sus competencias y atribuciones con presencia territorial a nivel nacional, con capacidad operativa y coercitiva, que defiende, protege los derechos socio-laborales y fundamentales del trabajo de las trabajadoras, trabajadores, servidoras y servidores p\u00fablicos; as\u00ed como la promoci\u00f3n del trabajo y el empleo digno, para los diferentes actores de la econom\u00eda social comunitaria y productiva.<\/p>\n\n\n\n<p><\/p>\n","protected":false},"excerpt":{"rendered":"<p>Raz\u00f3n de Ser Desarrollamos acciones para promover y proteger el trabajo, el empleo digno, la restituci\u00f3n de los derechos socio-laborales y fundamentales del trabajo, reconocidos a favor de las trabajadoras y los trabajadores, as\u00ed como de las servidoras y servidores p\u00fablicos; realizamos actividades destinadas a fomentar el sector cooperativo productivo, en alianza con las organizaciones [&hellip;]<\/p>\n","protected":false},"author":1,"featured_media":0,"parent":0,"menu_order":0,"comment_status":"closed","ping_status":"closed","template":"","meta":{"_acf_changed":false,"footnotes":""},"class_list":["post-309","page","type-page","status-publish","hentry"],"acf":[],"_links":{"self":[{"href":"https:\/\/intranet.mteps.gob.bo\/index.php\/wp-json\/wp\/v2\/pages\/309","targetHints":{"allow":["GET"]}}],"collection":[{"href":"https:\/\/intranet.mteps.gob.bo\/index.php\/wp-json\/wp\/v2\/pages"}],"about":[{"href":"https:\/\/intranet.mteps.gob.bo\/index.php\/wp-json\/wp\/v2\/types\/page"}],"author":[{"embeddable":true,"href":"https:\/\/intranet.mteps.gob.bo\/index.php\/wp-json\/wp\/v2\/users\/1"}],"replies":[{"embeddable":true,"href":"https:\/\/intranet.mteps.gob.bo\/index.php\/wp-json\/wp\/v2\/comments?post=309"}],"version-history":[{"count":16,"href":"https:\/\/intranet.mteps.gob.bo\/index.php\/wp-json\/wp\/v2\/pages\/309\/revisions"}],"predecessor-version":[{"id":17420,"href":"https:\/\/intranet.mteps.gob.bo\/index.php\/wp-json\/wp\/v2\/pages\/309\/revisions\/17420"}],"wp:attachment":[{"href":"https:\/\/intranet.mteps.gob.bo\/index.php\/wp-json\/wp\/v2\/media?parent=309"}],"curies":[{"name":"wp","href":"https:\/\/api.w.org\/{rel}","templated":true}]}}